s divided by 9?
7
Calculate the remainder when 9759 is divided by 611.
594
What is the remainder when 8442422 is divided by 53?
52
What is the remainder when 37885 is divided by 301?
260
Calculate the remainder when 2449 is divided by 246.
235
What is the remainder when 5782 is divided by 9?
4
What is the remainder when 37624 is divided by 659?
61
What is the remainder when 40102 is divided by 92?
82
Calculate the remainder when 5362 is divided by 93.
61
What is the remainder when 20281 is divided by 220?
41
Calculate the remainder when 89337 is divided by 682.
677
What is the remainder when 874 is divided by 209?
38
Calculate the remainder when 1126 is divided by 685.
441
What is the remainder when 89016 is divided by 365?
321
Calculate the remainder when 31176 is divided by 77.
68
Calculate the remainder when 673 is divided by 216.
25
Calculate the remainder when 48614 is divided by 90.
14
Calculate the remainder when 39802 is divided by 303.
109
What is the remainder when 658329 is divided by 16458?
9
Calculate the remainder when 8940 is divided by 1782.
30
What is the remainder when 1689 is divided by 897?
792
Calculate the remainder when 19246 is divided by 193.
139
Calculate the remainder when 6279 is divided by 115.
69
What is the remainder when 175448 is divided by 105?
98
Calculate the remainder when 14625 is divided by 2923.
10
What is the remainder when 71516 is divided by 5105?
46
What is the remainder when 2537 is divided by 120?
17
Calculate the remainder when 1652 is divided by 1385.
267
What is the remainder when 6040 is divided by 426?
76
What is the remainder when 98781 is divided by 130?
111
Calculate the remainder when 662975 is divided by 70.
5
Calculate the remainder when 898886 is divided by 68.
62
Calculate the remainder when 2626 is divided by 330.
316
What is the remainder when 188852 is divided by 1399?
1386
Calculate the remainder when 12108 is divided by 5973.
162
Calculate the remainder when 3002 is divided by 1447.
108
What is the remainder when 813 is divided by 212?
177
Calculate the remainder when 18805 is divided by 254.
9
Calculate the remainder when 6290 is divided by 22.
20
What is the remainder when 619 is divided by 51?
7
What is the remainder when 700433 is divided by 54?
53
Calculate the remainder when 49430 is divided by 24698.
34
Calculate the remainder when 713 is divided by 296.
121
Calculate the remainder when 22445 is divided by 488.
485
What is the remainder when 24015 is divided by 23984?
31
What is the remainder when 38540 is divided by 19260?
20
Calculate the remainder when 9383 is divided by 47.
30
What is the remainder when 68713 is divided by 84?
1
Calculate the remainder when 1623 is divided by 7.
6
Calculate the remainder when 9796 is divided by 146.
14
What is the remainder when 18078 is divided by 2975?
228
What is the remainder when 849 is divided by 345?
159
What is the remainder when 485136 is divided by 1270?
1266
What is the remainder when 645180 is divided by 931?
928
Calculate the remainder when 292029 is divided by 942.
9
Calculate the remainder when 30707 is divided by 10188.
143
Calculate the remainder when 9718 is divided by 187.
181
Calculate the remainder when 1334786 is divided by 364.
362
What is the remainder when 43117 is divided by 4788?
25
What is the remainder when 1885072 is divided by 377014?
2
What is the remainder when 72524 is divided by 4029?
2
Calculate the remainder when 6071 is divided by 88.
87
What is the remainder when 244768 is divided by 30?
28
What is the remainder when 56862 is divided by 669?
666
Calculate the remainder when 13639 is divided by 4546.
1
What is the remainder when 110814 is divided by 30?
24
What is the remainder when 1164448 is divided by 307?
304
Calculate the remainder when 66132 is divided by 5.
2
What is the remainder when 5624 is divided by 2802?
20
Calculate the remainder when 8777 is divided by 340.
277
Calculate the remainder when 161059 is divided by 1000.
59
Calculate the remainder when 1222 is divided by 527.
168
Calculate the remainder when 164738 is divided by 678.
662
What is the remainder when 872015 is divided by 27?
23
Calculate the remainder when 5391 is divided by 2686.
19
What is the remainder when 223923 is divided by 154?
7
Calculate the remainder when 1795 is divided by 220.
35
What is the remainder when 2925 is divided by 65?
0
What is the remainder when 18805 is divided by 196?
185
Calculate the remainder when 99963 is divided by 128.
123
Calculate the remainder when 4808854 is divided by 26.
24
What is the remainder when 1882061 is divided by 182?
181
Calculate the remainder when 470 is divided by 432.
38
Calculate the remainder when 8801 is divided by 215.
201
What is the remainder when 140646 is divided by 51?
39
Calculate the remainder when 14575 is divided by 39.
28
What is the remainder when 4666 is divided by 1553?
7
Calculate the remainder when 2234 is divided by 55.
34
Calculate the remainder when 1686 is divided by 163.
56
Calculate the remainder when 921 is divided by 906.
15
What is the remainder when 439 is divided by 423?
16
What is the remainder when 13989 is divided by 4608?
165
What is the remainder when 3845 is divided by 743?
130
What is the remainder when 1365 is divided by 132?
45
Calculate the remainder when 2199 is divided by 557.
528
Calculate the remainder when 7738 is divided by 109.
108
What is the remainder when 38356 is divided by 28?
24
What is the remainder when 153110 is divided by 169?
165
What is the remainder when 292173 is divided by 867?
861
What is the remainder when 127985 is divided by 49?
46
What is the remainder when 32943 is divided by 361?
92
Calculate the remainder when 130055 is divided by 5.
0
Calculate the remainder when 4929 is divided by 1.
0
Calculate the remainder when 71995 is divided by 119.
0
What is the remainder when 7502 is divided by 45?
32
Calculate the remainder when 10684 is divided by 29.
12
What is the remainder when 135571 is divided by 2054?
7
Calculate the remainder when 178015 is divided by 767.
71
What is the remainder when 19530 is divided by 995?
625
What is the remainder when 1056 is divided by 73?
34
What is the remainder when 36837 is divided by 1936?
53
Calculate the remainder when 8803 is divided by 259.
256
Calculate the remainder when 284880 is divided by 114.
108
What is the remainder when 35053 is divided by 8756?
29
Calculate the remainder when 3972 is divided by 37.
13
What is the remainder when 4394 is divided by 261?
218
Calculate the remainder when 177841 is divided by 1261.
40
Calculate the remainder when 25445 is divided by 28.
21
Calculate the remainder when 139796 is divided by 147.
146
What is the remainder when 1047282 is divided by 247?
2
Calculate the remainder when 2687 is divided by 228.
179
What is the remainder when 229 is divided by 13?
8
What is the remainder when 35496 is divided by 32?
8
What is the remainder when 55641 is divided by 328?
209
What is the remainder when 23269 is divided by 646?
13
What is the remainder when 66606 is divided by 156?
150
Calculate the remainder when 79467 is divided by 2943.
6
Calculate the remainder when 20853 is divided by 246.
189
Calculate the remainder when 4246 is divided by 2120.
6
Calculate the remainder when 2688 is divided by 750.
438
What is the remainder when 3263 is divided by 1198?
867
Calculate the remainder when 94363 is divided by 964.
855
Calculate the remainder when 158079 is divided by 184.
23
Calculate the remainder when 89794 is divided by 5986.
4
What is the remainder when 1059005 is divided by 1673?
1669
Calculate the remainder when 125659 is divided by 616.
611
What is the remainder when 8262 is divided by 2650?
312
Calculate the remainder when 2764 is divided by 327.
148
What is the remainder when 3448 is divided by 235?
158
Calculate the remainder when 204238 is divided by 179.
178
What is the remainder when 287187 is divided by 143580?
27
What is the remainder when 1018 is divided by 414?
190
What is the remainder when 39768 is divided by 13247?
27
What is the remainder when 125813 is divided by 180?
173
Calculate the remainder when 33165 is divided by 103.
102
What is the remainder when 64631 is divided by 5?
1
What is the remainder when 26598 is